{"id":287,"date":"2020-12-06T21:28:16","date_gmt":"2020-12-06T21:28:16","guid":{"rendered":"http:\/\/www.batcrabere.com\/?page_id=287"},"modified":"2022-01-09T20:29:25","modified_gmt":"2022-01-09T20:29:25","slug":"accueil","status":"publish","type":"page","link":"https:\/\/batcrabere.com\/WordPress\/","title":{"rendered":"Accueil"},"content":{"rendered":"\n<p>Bonjour,<\/p>\n\n\n\n<p>Bienvenue sur mon site d\u00e9di\u00e9 \u00e0 ma vie professionnelle, \u00e0 mes diff\u00e9rentes exp\u00e9riences et projets.<\/p>\n\n\n\n<p>Je vous laisse regarder la suite et surtout n&rsquo;h\u00e9sitez pas \u00e0 me contacter gr\u00e2ce \u00e0 la page <a href=\"http:\/\/batcrabere.com\/contact\/\">contact<\/a>!<\/p>\n\n\n\n<p>Bonne visite.<\/p>\n","protected":false},"excerpt":{"rendered":"<p>Bonjour, Bienvenue sur mon site d\u00e9di\u00e9 \u00e0 ma vie professionnelle, \u00e0 mes diff\u00e9rentes exp\u00e9riences et projets. Je vous laisse regarder la suite et surtout n&rsquo;h\u00e9sitez pas \u00e0 me contacter gr\u00e2ce \u00e0 la page contact! Bonne visite.<\/p>\n","protected":false},"author":1,"featured_media":0,"parent":0,"menu_order":0,"comment_status":"closed","ping_status":"closed","template":"","meta":{"jetpack_post_was_ever_published":false,"footnotes":""},"class_list":["post-287","page","type-page","status-publish","hentry"],"jetpack_sharing_enabled":true,"jetpack_shortlink":"https:\/\/wp.me\/Ph0efY-4D","_links":{"self":[{"href":"https:\/\/batcrabere.com\/WordPress\/wp-json\/wp\/v2\/pages\/287","targetHints":{"allow":["GET"]}}],"collection":[{"href":"https:\/\/batcrabere.com\/WordPress\/wp-json\/wp\/v2\/pages"}],"about":[{"href":"https:\/\/batcrabere.com\/WordPress\/wp-json\/wp\/v2\/types\/page"}],"author":[{"embeddable":true,"href":"https:\/\/batcrabere.com\/WordPress\/wp-json\/wp\/v2\/users\/1"}],"replies":[{"embeddable":true,"href":"https:\/\/batcrabere.com\/WordPress\/wp-json\/wp\/v2\/comments?post=287"}],"version-history":[{"count":3,"href":"https:\/\/batcrabere.com\/WordPress\/wp-json\/wp\/v2\/pages\/287\/revisions"}],"predecessor-version":[{"id":349,"href":"https:\/\/batcrabere.com\/WordPress\/wp-json\/wp\/v2\/pages\/287\/revisions\/349"}],"wp:attachment":[{"href":"https:\/\/batcrabere.com\/WordPress\/wp-json\/wp\/v2\/media?parent=287"}],"curies":[{"name":"wp","href":"https:\/\/api.w.org\/{rel}","templated":true}]}}